{"id":8,"date":"2023-08-22T08:56:15","date_gmt":"2023-08-22T08:56:15","guid":{"rendered":"https:\/\/apicolf-firenze.it\/?page_id=8"},"modified":"2025-09-16T09:38:57","modified_gmt":"2025-09-16T09:38:57","slug":"chi-siamo","status":"publish","type":"page","link":"https:\/\/apicolf-firenze.it\/?page_id=8","title":{"rendered":"Chi siamo"},"content":{"rendered":"\n<figure class=\"wp-block-image\"><img fetchpriority=\"high\" decoding=\"async\" width=\"931\" height=\"224\" src=\"https:\/\/apicolf-firenze.it\/wp-content\/uploads\/2023\/08\/b2arra1.jpg\" alt=\"\" class=\"wp-image-23\" srcset=\"https:\/\/apicolf-firenze.it\/wp-content\/uploads\/2023\/08\/b2arra1.jpg 931w, https:\/\/apicolf-firenze.it\/wp-content\/uploads\/2023\/08\/b2arra1-300x72.jpg 300w, https:\/\/apicolf-firenze.it\/wp-content\/uploads\/2023\/08\/b2arra1-768x185.jpg 768w\" sizes=\"(max-width: 931px) 100vw, 931px\" \/><\/figure>\n\n\n\n<p><\/p>\n\n\n\n<p>L\u2019<strong>Associazione Api-Colf, istituita nel 1971<\/strong>, \u00e8 il&nbsp;<strong>Movimento Sociale Cristiano dei Collaboratori Familiari<\/strong>&nbsp;che promuove la professionalizzazione del lavoro al servizio della persona e vuole sviluppare i valori di umanit\u00e0, di qualificazione e di responsabilit\u00e0 di questo servizio, ispirato alla libert\u00e0 e alla dignit\u00e0.<\/p>\n\n\n\n<p><strong>Federcolf<\/strong>&nbsp;organizza sindacalmente gli&nbsp;<strong>assistenti domiciliari<\/strong>&nbsp;e&nbsp;<strong>addetti alla cura delle persone e delle cose in ambiente domestico<\/strong>. Promuove giuridicamente questa figura, istituendo nel contratto collettivo adeguati \u201clivelli\u201d di inquadramento.<\/p>\n\n\n\n<p><strong>Federcolf afferma la sua presenza sindacale anche nei luoghi di lavoro diversi dall\u2019abitazione privata<\/strong>&nbsp;della famiglia, nei quali comunque si realizzi il servizio alla famiglia nelle forme nuove e progredite della solidariet\u00e0 sociale.<\/p>\n","protected":false},"excerpt":{"rendered":"<p>L\u2019Associazione Api-Colf, istituita nel 1971, \u00e8 il&nbsp;Movimento Sociale Cristiano dei Collaboratori Familiari&nbsp;che promuove la professionalizzazione del lavoro al servizio della persona e vuole sviluppare i valori di umanit\u00e0, di qualificazione e di responsabilit\u00e0 di questo servizio, ispirato alla libert\u00e0 e alla dignit\u00e0. Federcolf&nbsp;organizza sindacalmente gli&nbsp;assistenti domiciliari&nbsp;e&nbsp;addetti alla cura delle persone e delle cose in ambiente [&hellip;]<\/p>\n","protected":false},"author":1,"featured_media":0,"parent":0,"menu_order":0,"comment_status":"closed","ping_status":"closed","template":"","meta":{"vkexunit_cta_each_option":"","footnotes":""},"class_list":["post-8","page","type-page","status-publish","hentry"],"_links":{"self":[{"href":"https:\/\/apicolf-firenze.it\/index.php?rest_route=\/wp\/v2\/pages\/8","targetHints":{"allow":["GET"]}}],"collection":[{"href":"https:\/\/apicolf-firenze.it\/index.php?rest_route=\/wp\/v2\/pages"}],"about":[{"href":"https:\/\/apicolf-firenze.it\/index.php?rest_route=\/wp\/v2\/types\/page"}],"author":[{"embeddable":true,"href":"https:\/\/apicolf-firenze.it\/index.php?rest_route=\/wp\/v2\/users\/1"}],"replies":[{"embeddable":true,"href":"https:\/\/apicolf-firenze.it\/index.php?rest_route=%2Fwp%2Fv2%2Fcomments&post=8"}],"version-history":[{"count":4,"href":"https:\/\/apicolf-firenze.it\/index.php?rest_route=\/wp\/v2\/pages\/8\/revisions"}],"predecessor-version":[{"id":37,"href":"https:\/\/apicolf-firenze.it\/index.php?rest_route=\/wp\/v2\/pages\/8\/revisions\/37"}],"wp:attachment":[{"href":"https:\/\/apicolf-firenze.it\/index.php?rest_route=%2Fwp%2Fv2%2Fmedia&parent=8"}],"curies":[{"name":"wp","href":"https:\/\/api.w.org\/{rel}","templated":true}]}}